{"id":25,"date":"2019-04-11T22:38:31","date_gmt":"2019-04-11T22:38:31","guid":{"rendered":"http:\/\/s691700589.online.de\/?page_id=25"},"modified":"2024-04-15T09:42:17","modified_gmt":"2024-04-15T07:42:17","slug":"schiesssport","status":"publish","type":"page","link":"https:\/\/www.wco-giessen.de\/?page_id=25","title":{"rendered":"Schie\u00dfsport"},"content":{"rendered":"\n<h2 class=\"wp-block-heading\">Sportarten<\/h2>\n\n\n<div class=\"wp-block-image\">\n<figure class=\"alignright\"><img decoding=\"async\" width=\"300\" height=\"200\" src=\"https:\/\/www.wco-giessen.de\/wp-content\/uploads\/2019\/04\/wco_flinte-300x200.jpg\" alt=\"\" class=\"wp-image-926\" srcset=\"https:\/\/www.wco-giessen.de\/wp-content\/uploads\/2019\/04\/wco_flinte-300x200.jpg 300w, https:\/\/www.wco-giessen.de\/wp-content\/uploads\/2019\/04\/wco_flinte-768x512.jpg 768w, https:\/\/www.wco-giessen.de\/wp-content\/uploads\/2019\/04\/wco_flinte-1024x683.jpg 1024w, https:\/\/www.wco-giessen.de\/wp-content\/uploads\/2019\/04\/wco_flinte-200x133.jpg 200w, https:\/\/www.wco-giessen.de\/wp-content\/uploads\/2019\/04\/wco_flinte-660x440.jpg 660w, https:\/\/www.wco-giessen.de\/wp-content\/uploads\/2019\/04\/wco_flinte.jpg 1620w\" sizes=\"(max-width: 300px) 100vw, 300px\" \/><\/figure>\n<\/div>\n\n\n<p>In&nbsp;unserem&nbsp;Ver\u00adein dreht es sich haupt\u00ad\u00ads\u00e4chlich um das Wurf\u00ad\u00adscheiben\u00ad\u00adschie\u00dfen, fr\u00fcher auch Ton\u00ad\u00adtauben\u00ad\u00adschie\u00dfen ge\u00ad\u00adnannt. Folgende Dis\u00adziplinen k\u00f6nn\u00aden bei uns ge\u00adschossen werden:<\/p>\n\n\n\n<ul><li>Skeet (im Wechsel und je nach Andrang sportlich \/ jagdlich) <\/li><li>Trap (im Wechsel und je nach Andrang sportlich\/jagdlich)<\/li><li>Doppeltrap (nach Vereinbarung)<\/li><\/ul>\n\n\n\n<h2 class=\"wp-block-heading\">\u00d6ffnungszeiten<\/h2>\n\n\n\n<p>G\u00e4ste mit eigener Flinte und Munition, sowie unsere Mitglieder k\u00f6nnen zu den \u00f6ffentlichen Trainings ohne Anmeldung vorbeikommen. Bitte entnehmt unsere \u00d6ffnungszeiten dem Kalender im Abschnitt Termine.<\/p>\n\n\n\n<div class=\"wp-block-buttons is-horizontal is-content-justification-center is-layout-flex wp-container-core-buttons-is-layout-499968f5 wp-block-buttons-is-layout-flex\">\n<div class=\"wp-block-button\"><a class=\"wp-block-button__link has-white-color has-vivid-cyan-blue-background-color has-text-color has-background wp-element-button\" href=\"https:\/\/www.wco-giessen.de\/?page_id=105\">Termine<\/a><\/div>\n<\/div>\n\n\n\n<h2 class=\"wp-block-heading\">St\u00e4nde<\/h2>\n\n\n\n<p>Ein vollautomatischer 5-Maschinen-Universal-Trapstand mit integriertem Doppeltrap und eine separate Skeetanlage.<br>Zus\u00e4tzliche Disziplinen: f\u00fcr WCO &#8211; Mitglieder besteht durch einen Kooperationsvertrag mit dem <a aria-label=\"Jagdverein \u201eHubertus\u201c Gie\u00dfen und Umgebung e. V. (opens in a new tab)\" href=\"https:\/\/www.hubertus-giessen.de\/\" target=\"_blank\" rel=\"noreferrer noopener\">Jagdverein \u201eHubertus\u201c Gie\u00dfen und Umgebung e. V.<\/a> die M\u00f6glichkeit, weitere Schie\u00dfsportdisziplinen auf dem Gel\u00e4nde zu betreiben.<\/p>\n\n\n\n<figure class=\"wp-block-image size-large\"><img decoding=\"async\" width=\"965\" height=\"543\" src=\"https:\/\/www.wco-giessen.de\/wp-content\/uploads\/2021\/04\/10ab7798-6ff1-40c0-89ef-b30f8a517681.jpg\" alt=\"\" class=\"wp-image-3149\" srcset=\"https:\/\/www.wco-giessen.de\/wp-content\/uploads\/2021\/04\/10ab7798-6ff1-40c0-89ef-b30f8a517681.jpg 965w, https:\/\/www.wco-giessen.de\/wp-content\/uploads\/2021\/04\/10ab7798-6ff1-40c0-89ef-b30f8a517681-300x169.jpg 300w, https:\/\/www.wco-giessen.de\/wp-content\/uploads\/2021\/04\/10ab7798-6ff1-40c0-89ef-b30f8a517681-768x432.jpg 768w, https:\/\/www.wco-giessen.de\/wp-content\/uploads\/2021\/04\/10ab7798-6ff1-40c0-89ef-b30f8a517681-660x371.jpg 660w\" sizes=\"(max-width: 965px) 100vw, 965px\" \/><figcaption class=\"wp-element-caption\">Kugelst\u00e4nde des Jagdverein Hubertus Gie\u00dfen und Umgebung e.V., im Hintergrund der Trap und Skeetstand des WCO Gie\u00dfen<\/figcaption><\/figure>\n\n\n\n<h2 class=\"wp-block-heading\">Preise und Geb\u00fchren<\/h2>\n\n\n\n<h4 class=\"wp-block-heading\">F\u00fcr Mitglieder<\/h4>\n\n\n\n<p class=\"has-text-align-center\">25 Tauben sportlich: EUR 4,50<br>15 Tauben jagdlich: EUR 3,50<br>15 Tauben Doppeltrap: EUR 5,50<br>25 Tauben Doppeltrap: EUR 9,00 <\/p>\n\n\n\n<h4 class=\"wp-block-heading\">F\u00fcr Nichtmitglieder<\/h4>\n\n\n\n<p class=\"has-text-align-center\">25 Tauben sportlich: EUR 9,00<br>15 Tauben jagdlich: EUR 6,50<br>15 Tauben Doppeltrap: EUR 9,50<br>25 Tauben Doppeltrap: EUR 16,00<\/p>\n\n\n\n<p>Auf dem Schie\u00dfstand erhaltet Ihr unter Angabe von Name und Adresse eine Chipkarte, die ein Guthaben von <strong>&#8211; 10 \u20ac<\/strong> aufweist. Das ist die Bearbeitungsgeb\u00fchr. Am Terminal wird die Karte mit Bargeld aufgeladen (5 \u20ac, 10\u20ac, 20\u20ac, 50\u20ac Scheine). Eine Abbuchung erfolgt bei der Einbuchung zum Schie\u00dfen am jeweiligen Schie\u00dfstandterminal.<br>Bei Veranstaltungen wird die Munition gem\u00e4\u00df der Ausschreibung evtl. gestellt. Teilnehmer ohne Munitionserwerbserlaubnis d\u00fcrfen die Munition am Schie\u00dfstand frei erwerben und verbrauchen. Evtl. \u00fcbrig gebliebene Munition darf <strong>nicht<\/strong> mitgenommen werden, sondern muss am Schie\u00dfstand verbleiben (\u00a7\u00a7 12 Abs. 2 S 2, 12 Abs. 1 S. 5 WaffG).<\/p>\n\n\n\n<h2 class=\"wp-block-heading\">Standordnung<\/h2>\n\n\n\n<p>Es gelten die \u00fcblichen Regeln gem\u00e4\u00df DSB und Aushang am Stand.<br>Dar\u00fcber hinaus gilt:<\/p>\n\n\n\n<p class=\"has-text-align-center has-pale-pink-background-color has-background\"><strong>Der Standaufsicht ist Folge zu leisten.<\/strong><br> <br><strong>Waffenbesitzkarten und\/oder Jagdscheine werden stichprobenartig kontrolliert.<\/strong> <br> <br><strong>KEINE Zulassung von:<br>Vorderschaftrepetierflinten<br>Stahlschrot<br>Schrotgr\u00f6\u00dfen \u00fcber 2,5 mm (Gr\u00f6\u00dfe 7)<br><\/strong><br><strong>Am Schie\u00dfstand wird ohne Gewehrriemen geschossen<\/strong><br> <br>Teilnehmer ohne Erwerbsberechtigung d\u00fcrfen u.U. Munition  am Schie\u00dfstand frei erwerben und verbrauchen. Reste an Munition d\u00fcrfen <strong>nicht<\/strong> mitgenommen werden, sondern m\u00fcssen am Schie\u00dfstand verbleiben.<br><br>Entstandene Fotografien und Filmaufnahmen d\u00fcrfen vom Verein, bis zum schriftlichen Widerruf zum Zwecke der \u00d6ffentlichkeitsarbeit genutzt werden.<\/p>\n\n\n\n<p class=\"has-text-align-right has-small-font-size\"><em>Alle Angaben ohne Gew\u00e4hr<\/em><\/p>\n","protected":false},"excerpt":{"rendered":"<p>Sportarten \u00d6ffnungszeiten G\u00e4ste mit eigener Flinte und Munition, sowie unsere Mitglieder k\u00f6nnen zu den \u00f6ffentlichen Trainings ohne Anmeldung vorbeikommen. Bitte&hellip; <a class=\"read-more\" href=\"https:\/\/www.wco-giessen.de\/?page_id=25\">Weiterlesen <span class=\"screen-reader-text\">Schie\u00dfsport<\/span><\/a><\/p>\n","protected":false},"author":1,"featured_media":0,"parent":0,"menu_order":0,"comment_status":"closed","ping_status":"closed","template":"","meta":{"ngg_post_thumbnail":0,"footnotes":""},"class_list":["post-25","page","type-page","status-publish","hentry"],"_links":{"self":[{"href":"https:\/\/www.wco-giessen.de\/index.php?rest_route=\/wp\/v2\/pages\/25","targetHints":{"allow":["GET"]}}],"collection":[{"href":"https:\/\/www.wco-giessen.de\/index.php?rest_route=\/wp\/v2\/pages"}],"about":[{"href":"https:\/\/www.wco-giessen.de\/index.php?rest_route=\/wp\/v2\/types\/page"}],"author":[{"embeddable":true,"href":"https:\/\/www.wco-giessen.de\/index.php?rest_route=\/wp\/v2\/users\/1"}],"replies":[{"embeddable":true,"href":"https:\/\/www.wco-giessen.de\/index.php?rest_route=%2Fwp%2Fv2%2Fcomments&post=25"}],"version-history":[{"count":42,"href":"https:\/\/www.wco-giessen.de\/index.php?rest_route=\/wp\/v2\/pages\/25\/revisions"}],"predecessor-version":[{"id":4077,"href":"https:\/\/www.wco-giessen.de\/index.php?rest_route=\/wp\/v2\/pages\/25\/revisions\/4077"}],"wp:attachment":[{"href":"https:\/\/www.wco-giessen.de\/index.php?rest_route=%2Fwp%2Fv2%2Fmedia&parent=25"}],"curies":[{"name":"wp","href":"https:\/\/api.w.org\/{rel}","templated":true}]}}