{"id":2043,"date":"2019-10-07T18:20:40","date_gmt":"2019-10-07T16:20:40","guid":{"rendered":"https:\/\/www.wco-giessen.de\/?page_id=2043"},"modified":"2020-09-22T13:10:41","modified_gmt":"2020-09-22T11:10:41","slug":"betreutes-schiessen","status":"publish","type":"page","link":"https:\/\/www.wco-giessen.de\/?page_id=2043","title":{"rendered":"Betreutes Schie\u00dfen"},"content":{"rendered":"\n<p class=\"has-text-align-center has-white-color has-vivid-red-background-color has-text-color has-background\"><strong>Zurzeit bieten wir kein betreutes Schie\u00dfen an, da wir nicht das passende Personal zur Verf\u00fcgung stellen k\u00f6nnen und nur eine begrenzte Zahl von Waffen haben, die wir dann nach jedem Wechsel wieder neu desinfizieren m\u00fcssten.<br>Ein G\u00e4steschie\u00dfen mit selbst mitgebrachten Waffen und Munition ist davon nicht betroffen.<\/strong><\/p>\n\n\n\n<p>Anfragen von G\u00e4stegruppen, die gerne mal das Wurfscheibenschie\u00dfen ausprobieren m\u00f6chten, werden von uns gerne beantwortet. Hier schon mal ein paar grundlegende Infos dazu:<br>Generell ist G\u00e4steschie\u00dfen auch von absoluten Anf\u00e4ngern m\u00f6glich.<br>Im Gegensatz zu unseren normalen Schie\u00dfbetrieb, wo alle Beteiligten Sachverst\u00e4ndnis, eigene Waffen und Munition mitbringen, k\u00f6nnen wir das betreute Schie\u00dfen nur gesondert anbieten.<br>Die Termine k\u00f6nnen z.B. samstags zwischen 10 und 13 Uhr stattfinden &#8211; vor dem eigentlichen Schie\u00dfbetrieb.<br>Einzelpersonen sollten sich die Termine von Anf\u00e4ngerkursen bzw. Schnupperschie\u00dfen vormerken. F\u00fcr Gruppen ab 6 Personen k\u00f6nnen wir auch separate Termine anbieten, wenn wir bei unseren ehrenamtlich t\u00e4tigen Mitgliedern Personal und Zeit f\u00fcr die Betreuung finden.<br>Situationsbedingt ist ein Schie\u00dfen ab dem Alter von 14 Jahren m\u00f6glich. Auf k\u00f6rperliche Einschr\u00e4nkungen k\u00f6nnen wir ebenfalls eingehen. Seit 2017 ist z.B. auch der Trap-Sport als <a rel=\"noreferrer noopener\" aria-label=\"Paralympische Disziplin (\u00f6ffnet in neuem Tab)\" href=\"https:\/\/www.paralympic.org\/shooting\/para-trap-shooting\" target=\"_blank\">Paralympische Disziplin<\/a> zugelassen.<br>Sollten wir Euer Interesse geweckt haben, dann nutzt z.B. unser <a href=\"https:\/\/www.wco-giessen.de\/?page_id=18\">Kontaktformular<\/a> um mit uns in Verbindung zu treten.<\/p>\n","protected":false},"excerpt":{"rendered":"<p>Zurzeit bieten wir kein betreutes Schie\u00dfen an, da wir nicht das passende Personal zur Verf\u00fcgung stellen k\u00f6nnen und nur eine&hellip; <a class=\"read-more\" href=\"https:\/\/www.wco-giessen.de\/?page_id=2043\">Weiterlesen <span class=\"screen-reader-text\">Betreutes Schie\u00dfen<\/span><\/a><\/p>\n","protected":false},"author":1,"featured_media":0,"parent":36,"menu_order":0,"comment_status":"closed","ping_status":"closed","template":"","meta":{"ngg_post_thumbnail":0,"footnotes":""},"class_list":["post-2043","page","type-page","status-publish","hentry"],"_links":{"self":[{"href":"https:\/\/www.wco-giessen.de\/index.php?rest_route=\/wp\/v2\/pages\/2043","targetHints":{"allow":["GET"]}}],"collection":[{"href":"https:\/\/www.wco-giessen.de\/index.php?rest_route=\/wp\/v2\/pages"}],"about":[{"href":"https:\/\/www.wco-giessen.de\/index.php?rest_route=\/wp\/v2\/types\/page"}],"author":[{"embeddable":true,"href":"https:\/\/www.wco-giessen.de\/index.php?rest_route=\/wp\/v2\/users\/1"}],"replies":[{"embeddable":true,"href":"https:\/\/www.wco-giessen.de\/index.php?rest_route=%2Fwp%2Fv2%2Fcomments&post=2043"}],"version-history":[{"count":5,"href":"https:\/\/www.wco-giessen.de\/index.php?rest_route=\/wp\/v2\/pages\/2043\/revisions"}],"predecessor-version":[{"id":2740,"href":"https:\/\/www.wco-giessen.de\/index.php?rest_route=\/wp\/v2\/pages\/2043\/revisions\/2740"}],"up":[{"embeddable":true,"href":"https:\/\/www.wco-giessen.de\/index.php?rest_route=\/wp\/v2\/pages\/36"}],"wp:attachment":[{"href":"https:\/\/www.wco-giessen.de\/index.php?rest_route=%2Fwp%2Fv2%2Fmedia&parent=2043"}],"curies":[{"name":"wp","href":"https:\/\/api.w.org\/{rel}","templated":true}]}}